 2. Let w be -4*20/(0 + -4). Suppose 124 = 6*t - w. Calculate the remainder when o(-3) is divided by t.
23
Suppose -720 = -49*n - 79*n + 83*n. What is the remainder when (118/6)/((-1)/(-3)) is divided by n?
11
Let u = 1105 - 1070. What is the remainder when 126 is divided by u?
21
Suppose 5*j - 5*x = 75, 7*x - 5*x = 5*j - 72. What is the remainder when 167 is divided by j?
13
Calculate the remainder when 71 is divided by (-5)/((-304)/42 - -7).
8
Let k(p) = -p + 2. Let z be k(3). Let c = 3 + z. What is the remainder when 4 + 29 + c - 4 is divided by 16?
15
Suppose 0 = -108*h + 27*h + 21303. Calculate the remainder when h is divided by 19.
16
Suppose 2*c = 3*y - 118, y = -0*c + c + 38. Let s = 23 + -12. Calculate the remainder when y is divided by s.
9
Let y be 4 + (-1)/(-1 + 0). Let i(f) = f**2 - 7*f + 2. Let p be i(y). Let z = -6 - p. Calculate the remainder when z is divided by 2.
0
Let c = 106 - 116. What is the remainder when (-2)/4 - 1955/c is divided by 49?
48
Let n(a) = -24*a + 2 + 2*a - a + 0. Let j = 5 - -19. What is the remainder when n(-4) is divided by j?
22
Suppose 3*k + 6*g - 92 = 19, 4*g = -5*k + 185. Calculate the remainder when 145 is divided by k.
34
Let m(x) = -x + 10. Let s be m(6). Suppose -s*a = -a - 138. Calculate the remainder when a is divided by 16.
14
Suppose 5*x = 5, -4*j + 3*x + x = -496. Calculate the remainder when j is divided by 8.
5
Let n = -26 - -43. Suppose 5*p - 25 = 100. Let m = p + -19. What is the remainder when n is divided by m?
5
Suppose -3*b = -4*b + 32. Suppose -2*c = -b + 2. What is the remainder when (-9 + (-6 - 7))/((-2)/4) is divided by c?
14
Suppose -4 - 146 = -5*n. Let p = n + -16. Calculate the remainder when 41 is divided by p.
13
Let w = -36 - -40. Suppose -w*c + o - 4*o + 157 = 0, 0 = 2*c - 5*o - 111. What is the remainder when c is divided by 15?
13
Calculate the remainder when 33 is divided by (45/20 - 3)/(12/(-208)).
7
Let v(y) = 10*y**3 + y**2 + 3*y - 4. Let u be v(2). Let r be 14/(-35)*(-20)/1. Suppose r*i = 10*i - u. Calculate the remainder when i is divided by 23.
20
Let j be 12/9*6/4. Let x = -30 + 23. Calculate the remainder when (x/28)/(j/(-488)) is divided by 21.
19
Suppose -w = -4*w + 42. Calculate the remainder when 123 is divided by w.
11
Suppose -19 = -d + 10. What is the remainder when 91 is divided by d?
4
Suppose -2*q = -5*g - 197, -4*q + 3*g + 379 = -2*g. What is the remainder when q is divided by 90?
1
Let m be (-4)/3*(-3 - (-351)/(-6)). Suppose 0 = -4*o + 2 + m. Calculate the remainder when 62 is divided by o.
20
Suppose 4*o + 80 - 254 = 3*a, 5*o = -2*a + 229. What is the remainder when o is divided by 21?
3
Let z(k) = -k**3 - 6*k**2 + 10*k + 14. Let y be z(-8). Calculate the remainder when (5 + y)/(-1 - -3 - 1) is divided by 17.
16
Let u(x) = 6*x - 196. Calculate the remainder when u(37) is divided by 25.
1
Let o = -3 + 5. Let d = 15 - o. What is the remainder when 32 - 1 - ((-2)/(-2) - 4) is divided by d?
8
Let f = -335 + 221. Calculate the remainder when ((-10)/(-15))/((-1)/f*4) is divided by 5.
4
Let l(z) = z**3 + 9*z**2 + 2*z - 6. Let n be (11/(-2))/((-4)/(-16)). Let a = 14 + n. What is the remainder when l(a) is divided by 9?
6
Suppose 3 = 3*b - 15. Suppose 2*y + 2 = -a + 8, -3*a = -2*y + 22. Suppose -2*o + 9 - y = 0. What is the remainder when b is divided by o?
0
Suppose 2 = 3*k + 11. Let g be k/(-3) - 4/(-2). Suppose g*q - 2*q = 54. Calculate the remainder when q is divided by 14.
12
Suppose -155*j + 158*j - 132 = 0. Calculate the remainder when 130 is divided by j.
42
Let i(a) = -a**3 + 0*a - 1 + 2*a**2 + 3*a + 0*a**3. Let j(f) = -f**3 - 9*f**2 - 2*f + 45. Let p be j(-8). Calculate the remainder when i(p) is divided by 13.
9
Suppose -2*k + 4*k = 4. Suppose -2*w + 31 = -w - 2*h, -2*w = k*h - 32. What is the remainder when 37 is divided by (-178)/(-14) + 6/w?
11
Suppose -4*f = -11 - 1. What is the remainder when 512 is divided by f?
2
Let p = 0 - -2. Suppose -p*z + 38 = -32. Suppose -8*y + 42 = -62. Calculate the remainder when z is divided by y.
9
Calculate the remainder when 8*(-7 + (-584)/(-32)) is divided by 29.
3
What is the remainder when 3 + 2645/30 + (-2)/12 is divided by 21?
7
Suppose v + 3*v = -5*l + 19, -5*l - 29 = -4*v. Suppose 5*g = -v - 14, 0 = -4*u - 3*g + 4. Let p = 1 + 9. What is the remainder when p is divided by u?
2
Suppose 18 + 7 = z. Suppose 2*o - 4*s = 80, o + 3*s = -0*s + z. Suppose m - o = -6. Calculate the remainder when m is divided by 10.
8
Let k(s) = s**2 - 14*s + 7. Let n = 1 + 13. Suppose -3 = q - 23. Calculate the remainder when q is divided by k(n).
6
Let m be 0*4/(-16)*-4. Let y be 0 - m - -1*3. Let h(x) = 2*x**3 - 4*x**2 + 4. Calculate the remainder when 85 is divided by h(y).
19
Suppose -5*x = 3*j - 1445, -724 - 761 = -3*j + 3*x. Calculate the remainder when j is divided by 82.
80
Suppose -3*z + 58 = -2*b, 7*z - 4*z - 62 = -2*b. Let v be (-2)/(-6) + (-796)/(-6). Suppose v = 4*a - 19. What is the remainder when a is divided by z?
18
Let t = 66 - 46. What is the remainder when t is divided by 10?
0
Suppose 3*i - 46 = 2. Suppose i*f - 4*f = 360. Suppose 5 = r, -3*r - 269 = -3*q - 4*r. What is the remainder when q is divided by f?
28
Suppose -14 = 3*t + 16. Let r = 20 + t. Let n(d) = 4*d + 7. What is the remainder when n(8) is divided by r?
9
Suppose -75 = -4*d + j, -5*d + j = 4*j - 98. What is the remainder when d is divided by (6/5)/((-9)/(-30))?
3
Suppose 0*y + 100 = -5*y. Let i be (-5)/(-3) - y/15. Suppose -1 = -i*h + 20. What is the remainder when 18 is divided by h?
4
Let c = 990 + -980. Calculate the remainder when 66 is divided by c.
6
Let o = 988 + -673. What is the remainder when o is divided by 53?
50
Let y = 19 - 19. Let g be 4*1 - y/(-1). Suppose -g*n = 2*v - 74, -6*v = -3*v - 9. Calculate the remainder when n is divided by 9.
8
Calculate the remainder when (-2)/4 - 39/(-6) is divided by (-81 + 72)*((-4)/3 + 1).
0
Suppose -3*t + 15 = u, -16*t + 60 = 4*u - 11*t. Calculate the remainder when 357 is divided by u.
12
Suppose 0*h = 5*h. Suppose h = -4*p + 7 + 5. Suppose -74 = -p*l + 88. Calculate the remainder when l is divided by 14.
12
Calculate the remainder when 2/15 - (-2212)/60 is divided by 14.
9
Suppose 3267 = -287*w + 314*w. Calculate the remainder when w is divided by 7.
2
Suppose -2*d = -10, 29 = 2*f - 5*d + 10. Suppose 2*z - 34 = f. Calculate the remainder when z is divided by 16.
12
Let q(w) = -w**3 - 7*w**2 - 13*w - 20. Calculate the remainder when q(-6) is divided by 8.
6
Suppose 4*k + 4*a + 10 = 30, -k = -5*a + 19. Suppose 2*r + 2*m = 3*r + 17, -5*r = -m + 76. Let d = k - r. What is the remainder when 61 is divided by d?
13
Suppose 9*v = 48*v - 15912. What is the remainder when v is divided by 5?
3
What is the remainder when (-2)/18 + ((-139992)/27)/(-8) is divided by 7?
4
Let x = 48 - 41. Let f(h) = 2*h**2. Let w be f(-1). Calculate the remainder when 0/(1 + w) - -18 is divided by x.
4
Suppose -x + 9 = -3*d - 4, -2*d = 6. Let i be (10/(-30))/(2/(-156)). Suppose -4*g + i = k, 2*g = -3*k + 16 + 2. What is the remainder when g is divided by x?
2
Let i = -14 - -14. Let h be -2 + i + 1 + -3. Calculate the remainder when 10 is divided by (-3 - h)/(1/7).
3
Let s = 4 - 88. Calculate the remainder when (-1116)/s + (-4)/14 is divided by 3.
1
Suppose 3*o - 5*a = 38, -5 - 1 = -o + 5*a. Calculate the remainder when 153 is divided by o.
9
Suppose 40 - 8 = 2*g. Let y = -14 + g. Suppose 2*b - 2 = b. What is the remainder when b is divided by y?
0
Let c(i) = i**3 + 8*i**2 - 13. Calculate the remainder when c(-5) is divided by 36.
26
Suppose -5*p + p + 2*p = 0. Suppose -3*j + 2*r + 295 = p, 4*r - 26 = -2*j + 176. What is the remainder when j is divided by 17?
14
Calculate the remainder when (270/50)/((-2)/(-10)) is divided by 16.
11
Let h(c) = -c**3 - 65*c**2 + 65*c + 390. What is the remainder when h(-66) is divided by 47?
33
Let b be 4 + (-3 + 8 - 5). Suppose -b*k + 256 + 280 = 0. What is the remainder when k is divided by 46?
42
Let h(v) = v**3 + 6*v**2 - 3*v + 3. Let w(q) = q**2 + 7*q + 2. Let o be w(-6). Let u(m) = -5*m - 3. Calculate the remainder when h(o) is divided by u(-3).
11
Let j = -1 - -22. Suppose 3*c + 171 + 51 = 0. Let i = -66 - c. Calculate the remainder when j is divided by i.
5
Let b = -356 + 379. S